is the remainder when j is divided by 9?
8
Let f(q) = 14*q**2 - 29*q + 8. What is the remainder when f(10) is divided by 112?
110
Let b be (0 - -4)/4 + 1. Suppose -p + 5 = 0, -650 = -4*j - b*p + 160. Calculate the remainder when j is divided by 67.
66
Suppose 0 = -3*l + 6*l - 27. Let q(c) = -c**3 + 5*c**2 - c + 3. Let y be q(5). What is the remainder when 32 is divided by (1 - (-3 - y)) + l?
10
Suppose a - 11 = 6. Let s = a - 18. Calculate the remainder when 1/s*-11*1 is divided by 4.
3
Suppose 4241 = 3*q + 1403. What is the remainder when q is divided by 79?
77
Suppose 6*v = -13*v + 247. What is the remainder when 35 is divided by v?
9
Let s(n) be the second derivative of -n**5/20 - n**4/2 - 7*n**3/6 - 2*n**2 + 13*n. What is the remainder when 75 is divided by s(-6)?
37
Let a(q) = -q**3 - 21*q**2 + 23*q + 10. Let v be a(-22). Calculate the remainder when (-1287)/(-21) - v/(-42) is divided by 14.
5
Let b(u) = 3*u. Let n(q) = -q**2 - 6*q + 8. Let p be n(-7). Let w be b(p). Suppose w*k + 5 = 4*k. Calculate the remainder when 17 is divided by k.
2
Suppose w = 3*n - 5, n - w + 11 = 6*n. Let u(l) = -l**3 - l**2. Let c be u(-3). Suppose 152 = n*x + c. What is the remainder when x is divided by 17?
16
Let x(k) = 9*k - 11. Let o be x(12). Suppose 2*q = 59 + o. Calculate the remainder when q is divided by 20.
18
Let u = -38 + 29. Let o = u + 31. Calculate the remainder when 85 is divided by o.
19
Suppose -692 = -2*l - 2*o, 0 = 2*l - o + 5*o - 690. Calculate the remainder when l is divided by 89.
80
Suppose 0 = 3*v + 18 - 105. Let x = -13 - -113. Suppose j - x = -9*j. Calculate the remainder when v is divided by j.
9
Suppose 4*a - 65 + 1 = 0. Let c = 6599 - 6520. What is the remainder when c is divided by a?
15
Suppose -i + 682 = -5*j, -j + 575 = 3*i - 1519. What is the remainder when i is divided by 35?
32
Suppose 26*t - 132*t + 1060 = 0. What is the remainder when t is divided by (1/2)/(1/6)?
1
Let i = -168 - -88. Calculate the remainder when (-2)/(-1) - (i - (1 + 3)) is divided by 11.
9
Let s = 629 - 409. What is the remainder when 43 is divided by (-3)/(-2)*s/15?
21
Let n = -153 - -100. Let z = n + 56. Calculate the remainder when 5 is divided by z.
2
Let a = 3 - -1. Let c = a + 5. Calculate the remainder when (-4)/(12/c) + 53 is divided by 17.
16
Suppose 0 = 3*h + 2*p - 71, 2*p - 5*p - 93 = -5*h. Let f(n) = 2*n**2 + n + 2. Calculate the remainder when h is divided by f(2).
9
Let f = 227 + -191. Calculate the remainder when 136 is divided by f.
28
Let l = 101 + -47. Let o = 5 + -9. What is the remainder when l is divided by (-5 - o) + 21 + -1?
16
Suppose 0 = -q - 5*a + 19, -5*q - 9 = a - 56. Calculate the remainder when 13 is divided by q.
4
Suppose 3*z = 3*t + 12, 4*z + 5*t - 48 = t. Let n(r) = 2*r - r - r + 3*r. What is the remainder when z is divided by n(1)?
2
Let a(i) = 2*i**2 + 2*i - 1. Let r be a(2). Suppose r*m + 70 = 13*m. Let d = 1 + m. Calculate the remainder when d is divided by 20.
16
Let z = 14 - -34. Suppose 5*w = w. Suppose w*m - m + z = 0. Calculate the remainder when m is divided by 17.
14
Let s(n) = n**3 - 14*n**2 + 23*n - 6. Let p be s(12). Let x(w) = -2*w + 43. What is the remainder when x(p) is divided by 20?
19
Let s(b) = 3*b**2 - 2*b. Let t be s(-3). Suppose 14*p + t = 17*p. What is the remainder when p is divided by 3?
2
Calculate the remainder when 89/((-3)/(-3 + 0)) is divided by 13/78 + 137/6.
20
Suppose 0 = j + 2*i - 111, -4*j = -41*i + 39*i - 484. Calculate the remainder when j is divided by 5.
4
Suppose -44*x + 1380 = 2*x. What is the remainder when x is divided by 20?
10
Suppose -4*y + 8*y - 24 = -3*a, 4*a - y - 13 = 0. Calculate the remainder when 99 is divided by a.
3
Let s(y) = y**2 + 2*y - 146. Let t = -6 - -6. Let k be s(t). Let o = k + 206. What is the remainder when o is divided by 16?
12
Suppose -4*c = -10*c. Suppose -2*m + 8 = -c*m. Calculate the remainder when m is divided by 3.
1
Let i be (336/35)/((-3)/(-10)). Suppose i = -n + 88. Calculate the remainder when n is divided by 15.
11
Suppose 0 = -3*i - 6 - 3, -61 = s + 2*i. What is the remainder when (2 - (s - 5)) + -5 is divided by 29?
28
Let u(q) = -5*q**3 - 2*q**2 + 32*q + 66. What is the remainder when 61 is divided by u(-2)?
27
Suppose -11*b + 18*b = 91. What is the remainder when 16 is divided by b?
3
Suppose -9*a + 203 = -2*a. Suppose 8 = 2*c, 5*k + 4*c - 21 = 45. What is the remainder when a is divided by k?
9
Suppose -6*i + 33 = -3*i + 3*m, 4*i - 35 = -m. Calculate the remainder when 2/i - (-162)/24 is divided by 4.
3
Suppose -4*r = -3*r - 3. Suppose 14 + 7 = r*u. Calculate the remainder when u is divided by 6/21*21/(-3) + 7.
2
Let p be (6/(-4))/(2/16*-6). Let x = 2 + -2. Suppose -p*s + 7 + 17 = x. Calculate the remainder when 23 is divided by s.
11
Let r = 2308 + -2289. Calculate the remainder when 296 is divided by r.
11
Let x = -3 + 6. Suppose 44*f = 47*f - 18. Let a(t) = -t + 10. What is the remainder when a(f) is divided by x?
1
Suppose 0 = 4*x - 2*u - 252, u + 4*u = -10. Calculate the remainder when 83 is divided by x.
21
Let g(x) = 2*x**3 - 43*x**2 - 14*x - 169. Suppose z + 3*k = -z + 39, -3*z = -3*k - 96. Calculate the remainder when z is divided by g(22).
6
Let l(i) = i**2 + 12*i + 15. Let s be l(-6). Let y = -33 - s. Calculate the remainder when 3 is divided by y/(-6) + (-1 - -1).
1
Let m(l) = -l + 36. Let g = -3 - -1. Let f(n) = -13*n**3 - 2*n - 3. What is the remainder when f(g) is divided by m(9)?
24
Suppose -67 = -3*q + 155. What is the remainder when q is divided by 20?
14
Suppose 3 = p + 1. Suppose 3*o - 650 = -p*o. Suppose -4*w + o = w. What is the remainder when w is divided by 9?
8
Let c(k) = 2*k**2 + k**2 - 2*k**2 - 11 - 3*k + 2*k. What is the remainder when 90 is divided by c(7)?
28
Let d = -19 + 41. Let t = 167 - 126. What is the remainder when t is divided by d?
19
Suppose -938 - 1114 = -114*p. Calculate the remainder when 80/3 + 8/(-12) is divided by p.
8
Suppose 3*k = 2*m - 9, -m = -4*k + 2 - 9. What is the remainder when 14*(-2 - -2 - -7) is divided by (-15)/(m*(-3)/15)?
23
Let v = 320 + -293. Calculate the remainder when 64 is divided by v.
10
Let g(w) = 42*w - 3. Let f(p) = 14*p - 1. Let x(n) = -8*f(n) + 3*g(n). Calculate the remainder when x(2) is divided by 10.
7
Let l = 379 - 346. Let y be 4 + -4 - (-43 + 1). Let z = y - l. What is the remainder when 17 is divided by z?
8
Let p = 43 - 13. Let k = 23 - -34. What is the remainder when k is divided by p?
27
Suppose -10*r = -33*r + 1012. What is the remainder when 1361 is divided by r?
41
Suppose 0 = 8*k - 253 - 35. Calculate the remainder when k is divided by 23.
13
Suppose -15*j + 659 = -16. What is the remainder when j is divided by 23?
22
Suppose -h + 15 = 4*h, 0 = -4*s - 4*h + 316. Let t = 170 - s. What is the remainder when t is divided by 24?
22
Let q = -61 - 0. Let z = 95 + q. What is the remainder when 132 is divided by z?
30
Suppose -3*d + 3*m = -12, 5*d - m + 5 - 29 = 0. Suppose d*y - 40 = y. What is the remainder when 19 is divided by y?
9
Suppose 176*a - 1776 = 160*a. Calculate the remainder when 443 is divided by a.
110
Let g be 1 - (0 + -2 + (-182)/7). Suppose -3*d - 2 = -g. Let f = -51 + 77. Calculate the remainder when f is divided by d.
8
Suppose 2*u = -33*c + 28*c + 106, -3*u + 5*c = -159. What is the remainder when 120 is divided by u?
14
Let i(y) = -48*y - 74. What is the remainder when 1749 is divided by i(-3)?
69
Suppose -2*r + 22 = -5*s, 5*r - 6*s = -3*s + 36. What is the remainder when 125 is divided by r?
5
Let g be ((2/(-2))/1)/(-1). Let s be 44*(-3)/(-6)*g. Let r = -12 + s. Calculate the remainder when 18 is divided by r.
8
Let x(c) be the second derivative of c**5/10 + c**4/4 - c**3/3 + c**2/2 + 3*c. Suppose 11*k = 9*k + 4. What is the remainder when 74 is divided by x(k)?
24
Let g be (-63)/(-54) - (-2)/(-12). What is the remainder when (-28 - 1)*g/((-4)/4) is divided by 16?
13
Let k = 273 + -158. Let a(f) = -2*f**3 + 12*f**2 - 4*f - 10. Calculate the remainder when k is divided by a(5).
15
Suppose 0 = -5*l - 5*g + 3 - 8, -3*l = -2*g + 18. Let k be l*((-140)/(-8))/(-5). Let y = k + 22. What is the remainder when y is divided by 13?
10
Suppose 3*x + 82 = 3*v - x, 0 = -v - 2*x + 14. Let c(y) = -y + 1. Calculate the remainder when v is divide